Calculate the remainder when 320 is divided by 7.
5
What is the remainder when 523 is divided by 72?
19
Calculate the remainder when 3250 is divided by 270.
10
What is the remainder when 90 is divided by 47?
43
Calculate the remainder when 3359 is divided by 8.
7
Calculate the remainder when 47 is divided by 4.
3
Calculate the remainder when 3822 is divided by 89.
84
Calculate the remainder when 256 is divided by 52.
48
What is the remainder when 6496 is divided by 1616?
32
What is the remainder when 119 is divided by 18?
11
Calculate the remainder when 86 is divided by 4.
2
What is the remainder when 178 is divided by 14?
10
Calculate the remainder when 269 is divided by 54.
53
What is the remainder when 5540 is divided by 132?
128
What is the remainder when 605 is divided by 80?
45
What is the remainder when 218 is divided by 22?
20
What is the remainder when 293 is divided by 97?
2
Calculate the remainder when 11077 is divided by 382.
381
Calculate the remainder when 37 is divided by 12.
1
What is the remainder when 104 is divided by 34?
2
Calculate the remainder when 286 is divided by 73.
67
What is the remainder when 1344 is divided by 33?
24
What is the remainder when 530 is divided by 9?
8
What is the remainder when 898 is divided by 31?
30
What is the remainder when 399 is divided by 67?
64
Calculate the remainder when 166 is divided by 3.
1
What is the remainder when 983 is divided by 73?
34
What is the remainder when 106 is divided by 7?
1
What is the remainder when 482 is divided by 121?
119
What is the remainder when 1774 is divided by 57?
7
Calculate the remainder when 548 is divided by 111.
104
Calculate the remainder when 2402 is divided by 219.
212
What is the remainder when 2435 is divided by 46?
43
Calculate the remainder when 740 is divided by 93.
89
Calculate the remainder when 171 is divided by 4.
3
What is the remainder when 1527 is divided by 45?
42
Calculate the remainder when 80 is divided by 64.
16
Calculate the remainder when 8067 is divided by 672.
3
What is the remainder when 166 is divided by 21?
19
What is the remainder when 746 is divided by 138?
56
Calculate the remainder when 81 is divided by 29.
23
What is the remainder when 134 is divided by 76?
58
What is the remainder when 872 is divided by 17?
5
What is the remainder when 251 is divided by 222?
29
Calculate the remainder when 1901 is divided by 128.
109
What is the remainder when 1451 is divided by 21?
2
What is the remainder when 2110 is divided by 79?
56
What is the remainder when 112 is divided by 60?
52
Calculate the remainder when 5331 is divided by 127.
124
Calculate the remainder when 509 is divided by 87.
74
Calculate the remainder when 89 is divided by 17.
4
Calculate the remainder when 17188 is divided by 56.
52
What is the remainder when 178 is divided by 32?
18
What is the remainder when 121 is divided by 7?
2
What is the remainder when 216 is divided by 107?
2
Calculate the remainder when 379 is divided by 77.
71
Calculate the remainder when 691 is divided by 33.
31
What is the remainder when 1564 is divided by 28?
24
What is the remainder when 384 is divided by 66?
54
What is the remainder when 370 is divided by 244?
126
What is the remainder when 182 is divided by 35?
7
What is the remainder when 430 is divided by 30?
10
What is the remainder when 803 is divided by 123?
65
What is the remainder when 180 is divided by 42?
12
Calculate the remainder when 201 is divided by 73.
55
Calculate the remainder when 289 is divided by 76.
61
Calculate the remainder when 1437 is divided by 717.
3
What is the remainder when 163 is divided by 117?
46
Calculate the remainder when 220 is divided by 76.
68
Calculate the remainder when 625 is divided by 14.
9
What is the remainder when 3764 is divided by 269?
267
What is the remainder when 58 is divided by 9?
4
Calculate the remainder when 31 is divided by 9.
4
What is the remainder when 284 is divided by 41?
38
What is the remainder when 264 is divided by 18?
12
Calculate the remainder when 45 is divided by 23.
22
What is the remainder when 565 is divided by 557?
8
Calculate the remainder when 302 is divided by 290.
12
Calculate the remainder when 15508 is divided by 235.
233
What is the remainder when 7009 is divided by 52?
41
Calculate the remainder when 183 is divided by 6.
3
Calculate the remainder when 2318 is divided by 86.
82
Calculate the remainder when 1077 is divided by 90.
87
Calculate the remainder when 31 is divided by 21.
10
What is the remainder when 575 is divided by 17?
14
What is the remainder when 269 is divided by 63?
17
What is the remainder when 1771 is divided by 222?
217
What is the remainder when 1663 is divided by 548?
19
Calculate the remainder when 321 is divided by 144.
33
Calculate the remainder when 930 is divided by 44.
6
What is the remainder when 3238 is divided by 79?
78
Calculate the remainder when 89 is divided by 30.
29
Calculate the remainder when 996 is divided by 13.
8
Calculate the remainder when 1750 is divided by 17.
16
Calculate the remainder when 341 is divided by 159.
23
Calculate the remainder when 1219 is divided by 24.
19
What is the remainder when 177 is divided by 13?
8
What is the remainder when 727 is divided by 81?
79
Calculate the remainder when 224 is divided by 23.
17
Calculate the remainder when 384 is divided by 46.
16
What is the remainder when 1114 is divided by 322?
148
Calculate the remainder when 228 is divided by 33.
30
Calculate the remainder when 411 is divided by 136.
3
Calculate the remainder when 50 is divided by 29.
21
Calculate the remainder when 873 is divided by 38.
37
Calculate the remainder when 532 is divided by 527.
5
Calculate the remainder when 101 is divided by 35.
31
Calculate the remainder when 59 is divided by 49.
10
Calculate the remainder when 567 is divided by 64.
55
What is the remainder when 8594 is divided by 191?
190
Calculate the remainder when 653 is divided by 41.
38
Calculate the remainder when 137 is divided by 23.
22
What is the remainder when 2154 is divided by 135?
129
Calculate the remainder when 228 is divided by 61.
45
What is the remainder when 827 is divided by 83?
80
What is the remainder when 328 is divided by 58?
38
What is the remainder when 6085 is divided by 55?
35
Calculate the remainder when 44 is divided by 29.
15
Calculate the remainder when 417 is divided by 188.
41
What is the remainder when 823 is divided by 11?
9
Calculate the remainder when 598 is divided by 14.
10
What is the remainder when 1133 is divided by 125?
8
What is the remainder when 107 is divided by 28?
23
Calculate the remainder when 86 is divided by 40.
6
What is the remainder when 353 is divided by 71?
69
Calculate the remainder when 490 is divided by 29.
26
What is the remainder when 82 is divided by 5?
2
Calculate the remainder when 188 is divided by 64.
60
Calculate the remainder when 95 is divided by 37.
21
What is the remainder when 3647 is divided by 19?
18
What is the remainder when 66 is divided by 29?
8
Calculate the remainder when 5972 is divided by 18.
14
What is the remainder when 3964 is divided by 234?
220
What is the remainder when 23 is divided by 7?
2
Calculate the remainder when 330 is divided by 16.
10
Calculate the remainder when 388 is divided by 56.
52
What is the remainder when 99 is divided by 7?
1
What is the remainder when 62 is divided by 4?
2
What is the remainder when 145 is divided by 41?
22
What is the remainder when 202 is divided by 35?
27
What is the remainder when 9060 is divided by 259?
254
Calculate the remainder when 703 is divided by 342.
19
What is the remainder when 5739 is divided by 337?
10
Calculate the remainder when 109 is divided by 36.
1
Calculate the remainder when 337 is divided by 16.
1
Calculate the remainder when 6 is divided by 1.
0
What is the remainder when 172 is divided by 161?
11
Calculate the remainder when 383 is divided by 119.
26
Calculate the remainder when 2279 is divided by 84.
11
Calculate the remainder when 170 is divided by 77.
16
What is the remainder when 329 is divided by 85?
74
Calculate the remainder when 374 is divided by 360.
14
Calculate the remainder when 1404 is divided by 203.
186
Calculate the remainder when 70 is divided by 14.
0
What is th